{"id":91,"date":"2019-02-04T07:24:05","date_gmt":"2019-02-04T07:24:05","guid":{"rendered":"https:\/\/fw-buchholz.de\/?page_id=91"},"modified":"2023-01-13T12:12:26","modified_gmt":"2023-01-13T10:12:26","slug":"geschichte","status":"publish","type":"page","link":"https:\/\/fw-buchholz.de\/index.php\/geschichte\/","title":{"rendered":"Geschichte"},"content":{"rendered":"<p>Die Freiwillige Feuerwehr Buchholz wurde am 14.03.1928 gegr\u00fcndet. Das Protokoll zur Gr\u00fcndungsversammlung gibt Auskunft dar\u00fcber, dass urspr\u00fcnglich geplant war, zusammen mit Steinbergen eine Feuerwehr zu bilden. Letztendlich wurde dieses aber abgelehnt und 42 Personen lie\u00dfen sich in die neu gegr\u00fcndete Freiwillige Feuerwehr Buchholz aufnehmen, deren erster Brandmeister Heinrich Miede sen. war.<\/p>\n<p>Noch im Jahr 1928 wurde von der Feuerwehr M\u00fcsingen eine Handdruckspritze (siehe Foto) \u00fcbernommen, die auch umgehend bei zwei Br\u00e4nden im September 1928 und Februar 1929 zum Einsatz kam.<\/p>\n<p><img loading=\"lazy\" decoding=\"async\" class=\"alignnone size-medium wp-image-68\" src=\"https:\/\/fw-buchholz.de\/wp-content\/uploads\/2019\/02\/index-300x217-1-300x217.png\" alt=\"\" width=\"300\" height=\"217\" \/><\/p>\n<p>&nbsp;<\/p>\n<p>Diese Spritze war bis zum Jahr 1954 in Gebrauch, als sich die Gemeinde entschloss, einen gebrauchten Renault-LKW zu kaufen, welcher von den Aktiven mit viel Zeitaufwand zum Mannschafts- und Ger\u00e4tewagen umgebaut wurde. Leider bekam dieser LKW 1960 keinen T\u00dcV mehr und die Gemeinde beschaffte ein Tragkraftspritzenfahrzeug der Marke VW, sowie eine neue TS 8, die am 16.12.1961 \u00fcbergeben wurden.<\/p>\n<p>Im Jahre 1968 taten erstmals Frauen in der Feuerwehr Buchholz Dienst, ein absolutes Novum in Niedersachsen.<br \/>\nDa diese M\u00f6glichkeit im Nds. Brandschutzgesetz \u00fcberhaupt nicht vorgesehen war, mussten die Kameradinnen durch die Gemeinde extra versichert werden.<\/p>\n<p>Im Jahr 1973 wurde noch von der Gemeinde Buchholz die Erweiterung des 1957 gebauten Feuerwehrhauses beschlossen. Durch die Gebietsreform wurde die Samtgemeinde Eilsen 1974 der neue Feuerschutztr\u00e4ger und im November 1974 konnte das neue Ger\u00e4tehaus feierlich eingeweiht werden.<\/p>\n<p>1976 wurde das L\u00f6schgruppenfahrzeug LF 8 (Foto unten, rechts) beschafft, welches 30 Jahre lang seinen Dienst versah, bis es im Juni 2006 durch das jetzige TSF-W (Foto unten, links) abgel\u00f6st wurde. Im Juni 2010 wurde zus\u00e4tzlich ein Mannschaftstransportwagen (MTW) angeschafft, der zur Nachf\u00fchrung von Kr\u00e4ften im Einsatzfalle und zum Transport, insbesondere f\u00fcr die Kinder- und Jugendfeuerwehr, eingesetzt wird (Foto ganz unten).<\/p>\n<p><img loading=\"lazy\" decoding=\"async\" class=\"alignnone  wp-image-58\" src=\"https:\/\/fw-buchholz.de\/wp-content\/uploads\/2019\/02\/index2-300x225.png\" alt=\"\" width=\"411\" height=\"308\" srcset=\"https:\/\/fw-buchholz.de\/wp-content\/uploads\/2019\/02\/index2-300x225.png 300w, https:\/\/fw-buchholz.de\/wp-content\/uploads\/2019\/02\/index2.png 360w\" sizes=\"auto, (max-width: 411px) 100vw, 411px\" \/> <img loading=\"lazy\" decoding=\"async\" class=\" wp-image-65 alignleft\" src=\"https:\/\/fw-buchholz.de\/wp-content\/uploads\/2019\/02\/index3-300x229-1-300x229.png\" alt=\"\" width=\"411\" height=\"314\" \/><\/p>\n","protected":false},"excerpt":{"rendered":"<p>Die Freiwillige Feuerwehr Buchholz wurde am 14.03.1928 gegr\u00fcndet. Das Protokoll zur Gr\u00fcndungsversammlung gibt Auskunft dar\u00fcber, dass urspr\u00fcnglich geplant war, zusammen mit Steinbergen eine Feuerwehr zu bilden. Letztendlich wurde dieses aber abgelehnt und 42 Personen lie\u00dfen sich in die neu gegr\u00fcndete Freiwillige Feuerwehr Buchholz aufnehmen, deren erster Brandmeister Heinrich Miede sen. war. Noch im Jahr 1928 &hellip; <\/p>\n<p class=\"link-more\"><a href=\"https:\/\/fw-buchholz.de\/index.php\/geschichte\/\" class=\"more-link\"><span class=\"screen-reader-text\">\u201eGeschichte\u201c<\/span> weiterlesen<\/a><\/p>\n","protected":false},"author":1,"featured_media":0,"parent":0,"menu_order":0,"comment_status":"closed","ping_status":"closed","template":"","meta":{"footnotes":""},"class_list":["post-91","page","type-page","status-publish","hentry"],"_links":{"self":[{"href":"https:\/\/fw-buchholz.de\/index.php\/wp-json\/wp\/v2\/pages\/91","targetHints":{"allow":["GET"]}}],"collection":[{"href":"https:\/\/fw-buchholz.de\/index.php\/wp-json\/wp\/v2\/pages"}],"about":[{"href":"https:\/\/fw-buchholz.de\/index.php\/wp-json\/wp\/v2\/types\/page"}],"author":[{"embeddable":true,"href":"https:\/\/fw-buchholz.de\/index.php\/wp-json\/wp\/v2\/users\/1"}],"replies":[{"embeddable":true,"href":"https:\/\/fw-buchholz.de\/index.php\/wp-json\/wp\/v2\/comments?post=91"}],"version-history":[{"count":4,"href":"https:\/\/fw-buchholz.de\/index.php\/wp-json\/wp\/v2\/pages\/91\/revisions"}],"predecessor-version":[{"id":724,"href":"https:\/\/fw-buchholz.de\/index.php\/wp-json\/wp\/v2\/pages\/91\/revisions\/724"}],"wp:attachment":[{"href":"https:\/\/fw-buchholz.de\/index.php\/wp-json\/wp\/v2\/media?parent=91"}],"curies":[{"name":"wp","href":"https:\/\/api.w.org\/{rel}","templated":true}]}}