{"id":830,"date":"2023-10-17T18:13:00","date_gmt":"2023-10-17T16:13:00","guid":{"rendered":"https:\/\/fw-buchholz.de\/?post_type=einsatz&#038;p=830"},"modified":"2023-10-23T16:39:51","modified_gmt":"2023-10-23T14:39:51","slug":"person-in-notlage-eingeklemmt","status":"publish","type":"einsatz","link":"https:\/\/fw-buchholz.de\/index.php\/einsatz\/person-in-notlage-eingeklemmt\/","title":{"rendered":"Person in Notlage eingeklemmt"},"content":{"rendered":"<div class=\"x11i5rnm xat24cr x1mh8g0r x1vvkbs xtlvy1s x126k92a\">\n<div dir=\"auto\">Am vergangenen Dienstag wurden wir, gemeinsam mit der <a class=\"x1i10hfl xjbqb8w x6umtig x1b1mbwd xaqea5y xav7gou x9f619 x1ypdohk xt0psk2 xe8uvvx xdj266r x11i5rnm xat24cr x1mh8g0r xexx8yu x4uap5 x18d9i69 xkhd6sd x16tdsg8 x1hl2dhg xggy1nq x1a2a7pz xt0b8zv x1qq9wsj xo1l8bm\" tabindex=\"0\" role=\"link\" href=\"https:\/\/www.facebook.com\/feuerwehr.luhden?__cft__[0]=AZWAYqsegWcCcT3Ym7S4I58OMpS2lIkWq84yzp8h1_BizXvl5y8ANJseLAFwLXsKbxq5d1QjZNg-XBsEeP9qkotjUyrzxiwbFh61IWDUIFm7giH5CErHZCzf1XD0lCCCQzIxcFBqepnVNovOr8iRcujBvJdxVGSJEuXcwHrpMrRWCIE1ZKyYDoZoLD9FCQXSpSw&amp;__tn__=-]K-R\"><span class=\"xt0psk2\">Feuerwehr Luhden<\/span><\/a> zu einer Person in Notlage in Buchholz alarmiert.<\/div>\n<div dir=\"auto\">Nach Ankunft vor Ort stellte sich heraus, dass es sich um eine Einsatz\u00fcbung handelte.<\/div>\n<\/div>\n<div class=\"x11i5rnm xat24cr x1mh8g0r x1vvkbs xtlvy1s x126k92a\">\n<div dir=\"auto\">Gemeldet wurde eine vermisste und verletzte Person nach Waldarbeiten.<\/div>\n<div dir=\"auto\">Zur Unterst\u00fctzung kam ebenfalls der ELW aus Bad Eilsen dazu.<\/div>\n<\/div>\n<div class=\"x11i5rnm xat24cr x1mh8g0r x1vvkbs xtlvy1s x126k92a\">\n<div dir=\"auto\">Nachdem alle Erkenntnisse zusammengetragen und sich ein \u00dcberblick verschafft wurde ging es los zur Personensuche. Sehr hilfreich war dabei eine 3-Wort-Adresse der wir, mit Hilfe einer App, genauen Koordinaten zuordnen konnten. An dieser Stelle im Wald angekommen haben wir eine Tasche gefunden und von dort aus ein paar Meter weiter auch die verletzte Person, die unter einem Baumstamm eingeklemmt war.<\/div>\n<\/div>\n<div class=\"x11i5rnm xat24cr x1mh8g0r x1vvkbs xtlvy1s x126k92a\">\n<div dir=\"auto\">Der mitalarmierte Rettungsdienst hat die Behandlung und Betreuung der verletzten Person \u00fcbernommen, w\u00e4hrend die Feuerwehr das eingeklemmte Bein befreite, die Einsatzstelle ausleuchtete und die Person sp\u00e4ter aus dem Wald zum Rettungswagen transportierte.<\/div>\n<\/div>\n<div class=\"x11i5rnm xat24cr x1mh8g0r x1vvkbs xtlvy1s x126k92a\">\n<div dir=\"auto\">Im Anschluss an die \u00dcbung gab es dann eine Einsatznachbesprechung mit den Organisatoren der \u00dcbung am Feuerwehrhaus.<\/div>\n<\/div>\n<div dir=\"auto\"><img loading=\"lazy\" decoding=\"async\" class=\"alignnone  wp-image-832\" src=\"https:\/\/fw-buchholz.de\/wp-content\/uploads\/2023\/10\/26_17-10-23-II-225x300.jpg\" alt=\"\" width=\"300\" height=\"400\" srcset=\"https:\/\/fw-buchholz.de\/wp-content\/uploads\/2023\/10\/26_17-10-23-II-225x300.jpg 225w, https:\/\/fw-buchholz.de\/wp-content\/uploads\/2023\/10\/26_17-10-23-II-768x1024.jpg 768w, https:\/\/fw-buchholz.de\/wp-content\/uploads\/2023\/10\/26_17-10-23-II-1152x1536.jpg 1152w, https:\/\/fw-buchholz.de\/wp-content\/uploads\/2023\/10\/26_17-10-23-II.jpg 1500w\" sizes=\"auto, (max-width: 300px) 100vw, 300px\" \/> <img loading=\"lazy\" decoding=\"async\" class=\"alignnone  wp-image-833\" src=\"https:\/\/fw-buchholz.de\/wp-content\/uploads\/2023\/10\/26_17-10-23-III-300x225.jpg\" alt=\"\" width=\"400\" height=\"300\" srcset=\"https:\/\/fw-buchholz.de\/wp-content\/uploads\/2023\/10\/26_17-10-23-III-300x225.jpg 300w, https:\/\/fw-buchholz.de\/wp-content\/uploads\/2023\/10\/26_17-10-23-III-1024x768.jpg 1024w, https:\/\/fw-buchholz.de\/wp-content\/uploads\/2023\/10\/26_17-10-23-III-768x576.jpg 768w, https:\/\/fw-buchholz.de\/wp-content\/uploads\/2023\/10\/26_17-10-23-III-1536x1152.jpg 1536w, https:\/\/fw-buchholz.de\/wp-content\/uploads\/2023\/10\/26_17-10-23-III.jpg 2048w\" sizes=\"auto, (max-width: 400px) 100vw, 400px\" \/><\/div>\n","protected":false},"author":2,"featured_media":831,"template":"","meta":{"einsatz_weight":1,"footnotes":""},"categories":[],"tags":[],"einsatzart":[15],"fahrzeug":[5,4],"exteinsatzmittel":[],"alarmierungsart":[12],"evw_unit":[],"class_list":["post-830","einsatz","type-einsatz","status-publish","has-post-thumbnail","hentry","einsatzart-alarmuebung","fahrzeug-mtw-buchholz","fahrzeug-tsfw-buchholz","alarmierungsart-dme"],"_links":{"self":[{"href":"https:\/\/fw-buchholz.de\/index.php\/wp-json\/wp\/v2\/einsatz\/830","targetHints":{"allow":["GET"]}}],"collection":[{"href":"https:\/\/fw-buchholz.de\/index.php\/wp-json\/wp\/v2\/einsatz"}],"about":[{"href":"https:\/\/fw-buchholz.de\/index.php\/wp-json\/wp\/v2\/types\/einsatz"}],"author":[{"embeddable":true,"href":"https:\/\/fw-buchholz.de\/index.php\/wp-json\/wp\/v2\/users\/2"}],"version-history":[{"count":1,"href":"https:\/\/fw-buchholz.de\/index.php\/wp-json\/wp\/v2\/einsatz\/830\/revisions"}],"predecessor-version":[{"id":834,"href":"https:\/\/fw-buchholz.de\/index.php\/wp-json\/wp\/v2\/einsatz\/830\/revisions\/834"}],"wp:featuredmedia":[{"embeddable":true,"href":"https:\/\/fw-buchholz.de\/index.php\/wp-json\/wp\/v2\/media\/831"}],"wp:attachment":[{"href":"https:\/\/fw-buchholz.de\/index.php\/wp-json\/wp\/v2\/media?parent=830"}],"wp:term":[{"taxonomy":"category","embeddable":true,"href":"https:\/\/fw-buchholz.de\/index.php\/wp-json\/wp\/v2\/categories?post=830"},{"taxonomy":"post_tag","embeddable":true,"href":"https:\/\/fw-buchholz.de\/index.php\/wp-json\/wp\/v2\/tags?post=830"},{"taxonomy":"einsatzart","embeddable":true,"href":"https:\/\/fw-buchholz.de\/index.php\/wp-json\/wp\/v2\/einsatzart?post=830"},{"taxonomy":"fahrzeug","embeddable":true,"href":"https:\/\/fw-buchholz.de\/index.php\/wp-json\/wp\/v2\/fahrzeug?post=830"},{"taxonomy":"exteinsatzmittel","embeddable":true,"href":"https:\/\/fw-buchholz.de\/index.php\/wp-json\/wp\/v2\/exteinsatzmittel?post=830"},{"taxonomy":"alarmierungsart","embeddable":true,"href":"https:\/\/fw-buchholz.de\/index.php\/wp-json\/wp\/v2\/alarmierungsart?post=830"},{"taxonomy":"evw_unit","embeddable":true,"href":"https:\/\/fw-buchholz.de\/index.php\/wp-json\/wp\/v2\/evw_unit?post=830"}],"curies":[{"name":"wp","href":"https:\/\/api.w.org\/{rel}","templated":true}]}}

<div class="x11i5rnm xat24cr x1mh8g0r x1vvkbs xtlvy1s x126k92a">
<div dir="auto">Am vergangenen Dienstag wurden wir, gemeinsam mit der <a class="x1i10hfl xjbqb8w x6umtig x1b1mbwd xaqea5y xav7gou x9f619 x1ypdohk xt0psk2 xe8uvvx xdj266r x11i5rnm xat24cr x1mh8g0r xexx8yu x4uap5 x18d9i69 xkhd6sd x16tdsg8 x1hl2dhg xggy1nq x1a2a7pz xt0b8zv x1qq9wsj xo1l8bm" tabindex="0" role="link" href="https://www.facebook.com/feuerwehr.luhden?__cft__[0]=AZWAYqsegWcCcT3Ym7S4I58OMpS2lIkWq84yzp8h1_BizXvl5y8ANJseLAFwLXsKbxq5d1QjZNg-XBsEeP9qkotjUyrzxiwbFh61IWDUIFm7giH5CErHZCzf1XD0lCCCQzIxcFBqepnVNovOr8iRcujBvJdxVGSJEuXcwHrpMrRWCIE1ZKyYDoZoLD9FCQXSpSw&amp;__tn__=-]K-R"><span class="xt0psk2">Feuerwehr Luhden</span></a> zu einer Person in Notlage in Buchholz alarmiert.</div>
<div dir="auto">Nach Ankunft vor Ort stellte sich heraus, dass es sich um eine Einsatzübung handelte.</div>
</div>
<div class="x11i5rnm xat24cr x1mh8g0r x1vvkbs xtlvy1s x126k92a">
<div dir="auto">Gemeldet wurde eine vermisste und verletzte Person nach Waldarbeiten.</div>
<div dir="auto">Zur Unterstützung kam ebenfalls der ELW aus Bad Eilsen dazu.</div>
</div>
<div class="x11i5rnm xat24cr x1mh8g0r x1vvkbs xtlvy1s x126k92a">
<div dir="auto">Nachdem alle Erkenntnisse zusammengetragen und sich ein Überblick verschafft wurde ging es los zur Personensuche. Sehr hilfreich war dabei eine 3-Wort-Adresse der wir, mit Hilfe einer App, genauen Koordinaten zuordnen konnten. An dieser Stelle im Wald angekommen haben wir eine Tasche gefunden und von dort aus ein paar Meter weiter auch die verletzte Person, die unter einem Baumstamm eingeklemmt war.</div>
</div>
<div class="x11i5rnm xat24cr x1mh8g0r x1vvkbs xtlvy1s x126k92a">
<div dir="auto">Der mitalarmierte Rettungsdienst hat die Behandlung und Betreuung der verletzten Person übernommen, während die Feuerwehr das eingeklemmte Bein befreite, die Einsatzstelle ausleuchtete und die Person später aus dem Wald zum Rettungswagen transportierte.</div>
</div>
<div class="x11i5rnm xat24cr x1mh8g0r x1vvkbs xtlvy1s x126k92a">
<div dir="auto">Im Anschluss an die Übung gab es dann eine Einsatznachbesprechung mit den Organisatoren der Übung am Feuerwehrhaus.</div>
</div>
<div dir="auto"><img loading="lazy" decoding="async" class="alignnone  wp-image-832" src="https://fw-buchholz.de/wp-content/uploads/2023/10/26_17-10-23-II-225x300.jpg" alt="" width="300" height="400" srcset="https://fw-buchholz.de/wp-content/uploads/2023/10/26_17-10-23-II-225x300.jpg 225w, https://fw-buchholz.de/wp-content/uploads/2023/10/26_17-10-23-II-768x1024.jpg 768w, https://fw-buchholz.de/wp-content/uploads/2023/10/26_17-10-23-II-1152x1536.jpg 1152w, https://fw-buchholz.de/wp-content/uploads/2023/10/26_17-10-23-II.jpg 1500w" sizes="auto, (max-width: 300px) 100vw, 300px" /> <img loading="lazy" decoding="async" class="alignnone  wp-image-833" src="https://fw-buchholz.de/wp-content/uploads/2023/10/26_17-10-23-III-300x225.jpg" alt="" width="400" height="300" srcset="https://fw-buchholz.de/wp-content/uploads/2023/10/26_17-10-23-III-300x225.jpg 300w, https://fw-buchholz.de/wp-content/uploads/2023/10/26_17-10-23-III-1024x768.jpg 1024w, https://fw-buchholz.de/wp-content/uploads/2023/10/26_17-10-23-III-768x576.jpg 768w, https://fw-buchholz.de/wp-content/uploads/2023/10/26_17-10-23-III-1536x1152.jpg 1536w, https://fw-buchholz.de/wp-content/uploads/2023/10/26_17-10-23-III.jpg 2048w" sizes="auto, (max-width: 400px) 100vw, 400px" /></div>
