{"id":748,"date":"2023-04-19T18:10:00","date_gmt":"2023-04-19T16:10:00","guid":{"rendered":"https:\/\/fw-buchholz.de\/?post_type=einsatz&#038;p=748"},"modified":"2023-05-12T08:32:14","modified_gmt":"2023-05-12T06:32:14","slug":"fahrzeugbrand-gross","status":"publish","type":"einsatz","link":"https:\/\/fw-buchholz.de\/index.php\/einsatz\/fahrzeugbrand-gross\/","title":{"rendered":"Fahrzeugbrand gro\u00df"},"content":{"rendered":"<div class=\"x11i5rnm xat24cr x1mh8g0r x1vvkbs xtlvy1s x126k92a\">\n<div dir=\"auto\">Vergangenen Mittwoch wurden wir auf die A2 zu einem gemeldeten brennenden LKW alarmiert. Bei diesem Alarm-Stichwort wurde gem\u00e4\u00df der neuen AAO auch das TLF der Feuerwehr B\u00fcckeburg alarmiert.<\/div>\n<\/div>\n<div class=\"x11i5rnm xat24cr x1mh8g0r x1vvkbs xtlvy1s x126k92a\">\n<div dir=\"auto\">Als wir mit unserem TSF-W und einem Trupp unter Atemschutz ausger\u00fcstet an der Einsatzstelle ankamen, konnte bereits Entwarnung gegeben werden. Bei dem LKW kam es zu einer Rauchentwicklung und der Fahrer hat daraufhin bereits selber mit dem &#8222;L\u00f6schen&#8220; begonnen.<\/div>\n<div dir=\"auto\">Die Autobahn wurde durch die Polizei gesperrt. Das B\u00fcckeburger TLF konnte die Einsatzfahrt abbrechen.<\/div>\n<\/div>\n<div class=\"x11i5rnm xat24cr x1mh8g0r x1vvkbs xtlvy1s x126k92a\">\n<div dir=\"auto\">Auch Buchholz und Bad Eilsen konnten wieder einr\u00fccken. Der Bad Eilser ELW und die Luhdener blieben noch vor Ort, zur Einsatzkoordinierung und zum Abstreuen von auslaufenden Betriebsstoffen.<\/div>\n<\/div>\n<div class=\"x11i5rnm xat24cr x1mh8g0r x1vvkbs xtlvy1s x126k92a\">\n<div dir=\"auto\">Nach weiteren 45 Minuten konnten alle Fahrzeuge wieder einr\u00fccken und waren somit wieder einsatzbereit.<\/div>\n<div dir=\"auto\"><img loading=\"lazy\" decoding=\"async\" class=\"alignnone wp-image-751\" src=\"https:\/\/fw-buchholz.de\/wp-content\/uploads\/2023\/05\/06_19-04-23-I-1-300x200.jpg\" alt=\"\" width=\"710\" height=\"473\" srcset=\"https:\/\/fw-buchholz.de\/wp-content\/uploads\/2023\/05\/06_19-04-23-I-1-300x200.jpg 300w, https:\/\/fw-buchholz.de\/wp-content\/uploads\/2023\/05\/06_19-04-23-I-1-1024x683.jpg 1024w, https:\/\/fw-buchholz.de\/wp-content\/uploads\/2023\/05\/06_19-04-23-I-1-768x512.jpg 768w, https:\/\/fw-buchholz.de\/wp-content\/uploads\/2023\/05\/06_19-04-23-I-1-1536x1024.jpg 1536w, https:\/\/fw-buchholz.de\/wp-content\/uploads\/2023\/05\/06_19-04-23-I-1.jpg 2048w\" sizes=\"auto, (max-width: 710px) 100vw, 710px\" \/><\/div>\n<\/div>\n","protected":false},"author":2,"featured_media":749,"template":"","meta":{"einsatz_weight":1,"footnotes":""},"categories":[],"tags":[],"einsatzart":[10],"fahrzeug":[4],"exteinsatzmittel":[],"alarmierungsart":[12],"evw_unit":[],"class_list":["post-748","einsatz","type-einsatz","status-publish","has-post-thumbnail","hentry","einsatzart-brand","fahrzeug-tsfw-buchholz","alarmierungsart-dme"],"_links":{"self":[{"href":"https:\/\/fw-buchholz.de\/index.php\/wp-json\/wp\/v2\/einsatz\/748","targetHints":{"allow":["GET"]}}],"collection":[{"href":"https:\/\/fw-buchholz.de\/index.php\/wp-json\/wp\/v2\/einsatz"}],"about":[{"href":"https:\/\/fw-buchholz.de\/index.php\/wp-json\/wp\/v2\/types\/einsatz"}],"author":[{"embeddable":true,"href":"https:\/\/fw-buchholz.de\/index.php\/wp-json\/wp\/v2\/users\/2"}],"version-history":[{"count":2,"href":"https:\/\/fw-buchholz.de\/index.php\/wp-json\/wp\/v2\/einsatz\/748\/revisions"}],"predecessor-version":[{"id":753,"href":"https:\/\/fw-buchholz.de\/index.php\/wp-json\/wp\/v2\/einsatz\/748\/revisions\/753"}],"wp:featuredmedia":[{"embeddable":true,"href":"https:\/\/fw-buchholz.de\/index.php\/wp-json\/wp\/v2\/media\/749"}],"wp:attachment":[{"href":"https:\/\/fw-buchholz.de\/index.php\/wp-json\/wp\/v2\/media?parent=748"}],"wp:term":[{"taxonomy":"category","embeddable":true,"href":"https:\/\/fw-buchholz.de\/index.php\/wp-json\/wp\/v2\/categories?post=748"},{"taxonomy":"post_tag","embeddable":true,"href":"https:\/\/fw-buchholz.de\/index.php\/wp-json\/wp\/v2\/tags?post=748"},{"taxonomy":"einsatzart","embeddable":true,"href":"https:\/\/fw-buchholz.de\/index.php\/wp-json\/wp\/v2\/einsatzart?post=748"},{"taxonomy":"fahrzeug","embeddable":true,"href":"https:\/\/fw-buchholz.de\/index.php\/wp-json\/wp\/v2\/fahrzeug?post=748"},{"taxonomy":"exteinsatzmittel","embeddable":true,"href":"https:\/\/fw-buchholz.de\/index.php\/wp-json\/wp\/v2\/exteinsatzmittel?post=748"},{"taxonomy":"alarmierungsart","embeddable":true,"href":"https:\/\/fw-buchholz.de\/index.php\/wp-json\/wp\/v2\/alarmierungsart?post=748"},{"taxonomy":"evw_unit","embeddable":true,"href":"https:\/\/fw-buchholz.de\/index.php\/wp-json\/wp\/v2\/evw_unit?post=748"}],"curies":[{"name":"wp","href":"https:\/\/api.w.org\/{rel}","templated":true}]}}

Fahrzeugbrand groß

<div class="x11i5rnm xat24cr x1mh8g0r x1vvkbs xtlvy1s x126k92a">
<div dir="auto">Vergangenen Mittwoch wurden wir auf die A2 zu einem gemeldeten brennenden LKW alarmiert. Bei diesem Alarm-Stichwort wurde gemäß der neuen AAO auch das TLF der Feuerwehr Bückeburg alarmiert.</div>
</div>
<div class="x11i5rnm xat24cr x1mh8g0r x1vvkbs xtlvy1s x126k92a">
<div dir="auto">Als wir mit unserem TSF-W und einem Trupp unter Atemschutz ausgerüstet an der Einsatzstelle ankamen, konnte bereits Entwarnung gegeben werden. Bei dem LKW kam es zu einer Rauchentwicklung und der Fahrer hat daraufhin bereits selber mit dem &#8222;Löschen&#8220; begonnen.</div>
<div dir="auto">Die Autobahn wurde durch die Polizei gesperrt. Das Bückeburger TLF konnte die Einsatzfahrt abbrechen.</div>
</div>
<div class="x11i5rnm xat24cr x1mh8g0r x1vvkbs xtlvy1s x126k92a">
<div dir="auto">Auch Buchholz und Bad Eilsen konnten wieder einrücken. Der Bad Eilser ELW und die Luhdener blieben noch vor Ort, zur Einsatzkoordinierung und zum Abstreuen von auslaufenden Betriebsstoffen.</div>
</div>
<div class="x11i5rnm xat24cr x1mh8g0r x1vvkbs xtlvy1s x126k92a">
<div dir="auto">Nach weiteren 45 Minuten konnten alle Fahrzeuge wieder einrücken und waren somit wieder einsatzbereit.</div>
<div dir="auto"><img loading="lazy" decoding="async" class="alignnone wp-image-751" src="https://fw-buchholz.de/wp-content/uploads/2023/05/06_19-04-23-I-1-300x200.jpg" alt="" width="710" height="473" srcset="https://fw-buchholz.de/wp-content/uploads/2023/05/06_19-04-23-I-1-300x200.jpg 300w, https://fw-buchholz.de/wp-content/uploads/2023/05/06_19-04-23-I-1-1024x683.jpg 1024w, https://fw-buchholz.de/wp-content/uploads/2023/05/06_19-04-23-I-1-768x512.jpg 768w, https://fw-buchholz.de/wp-content/uploads/2023/05/06_19-04-23-I-1-1536x1024.jpg 1536w, https://fw-buchholz.de/wp-content/uploads/2023/05/06_19-04-23-I-1.jpg 2048w" sizes="auto, (max-width: 710px) 100vw, 710px" /></div>
</div>
