{"id":648,"date":"2022-07-02T21:15:00","date_gmt":"2022-07-02T19:15:00","guid":{"rendered":"https:\/\/fw-buchholz.de\/?post_type=einsatz&#038;p=648"},"modified":"2022-07-15T11:42:07","modified_gmt":"2022-07-15T09:42:07","slug":"b1-unklare-rauchentwicklung-3","status":"publish","type":"einsatz","link":"https:\/\/fw-buchholz.de\/index.php\/einsatz\/b1-unklare-rauchentwicklung-3\/","title":{"rendered":"B1 unklare Rauchentwicklung"},"content":{"rendered":"<div dir=\"auto\">Gestern wurden wir zu einer unklaren Rauchentwicklung unterhalb der Talbr\u00fccke Arensburg alarmiert.<\/div>\n<div dir=\"auto\">Vor Ort angekommen konnten wir einen Kleinbrand feststellen.<\/div>\n<div dir=\"auto\">Sofort wurde mit den L\u00f6schma\u00dfnahmen begonnen und zeitgleich die Einsatzstelle abgesichert.<\/div>\n<div dir=\"auto\">Anschlie\u00dfend haben wir Netzmittel eingesetzt, um die K\u00fchlwirkung zu verst\u00e4rken und mit der W\u00e4rmebildkamera die Temperaturen \u00fcberwacht.<\/div>\n<div dir=\"auto\">Die Einsatzstelle wurde dann an die Polizei \u00fcbergeben und wir konnten wieder einr\u00fccken.<\/div>\n<div dir=\"auto\"><img loading=\"lazy\" decoding=\"async\" class=\"alignnone  wp-image-638\" src=\"https:\/\/fw-buchholz.de\/wp-content\/uploads\/2022\/07\/18_02-07-22_2-225x300.jpg\" alt=\"\" width=\"576\" height=\"768\" srcset=\"https:\/\/fw-buchholz.de\/wp-content\/uploads\/2022\/07\/18_02-07-22_2-225x300.jpg 225w, https:\/\/fw-buchholz.de\/wp-content\/uploads\/2022\/07\/18_02-07-22_2-768x1024.jpg 768w, https:\/\/fw-buchholz.de\/wp-content\/uploads\/2022\/07\/18_02-07-22_2-1152x1536.jpg 1152w, https:\/\/fw-buchholz.de\/wp-content\/uploads\/2022\/07\/18_02-07-22_2.jpg 1512w\" sizes=\"auto, (max-width: 576px) 100vw, 576px\" \/><\/div>\n","protected":false},"author":2,"featured_media":637,"template":"","meta":{"einsatz_weight":1,"footnotes":""},"categories":[],"tags":[],"einsatzart":[10],"fahrzeug":[5,4],"exteinsatzmittel":[],"alarmierungsart":[12],"evw_unit":[],"class_list":["post-648","einsatz","type-einsatz","status-publish","has-post-thumbnail","hentry","einsatzart-brand","fahrzeug-mtw-buchholz","fahrzeug-tsfw-buchholz","alarmierungsart-dme"],"_links":{"self":[{"href":"https:\/\/fw-buchholz.de\/index.php\/wp-json\/wp\/v2\/einsatz\/648","targetHints":{"allow":["GET"]}}],"collection":[{"href":"https:\/\/fw-buchholz.de\/index.php\/wp-json\/wp\/v2\/einsatz"}],"about":[{"href":"https:\/\/fw-buchholz.de\/index.php\/wp-json\/wp\/v2\/types\/einsatz"}],"author":[{"embeddable":true,"href":"https:\/\/fw-buchholz.de\/index.php\/wp-json\/wp\/v2\/users\/2"}],"version-history":[{"count":1,"href":"https:\/\/fw-buchholz.de\/index.php\/wp-json\/wp\/v2\/einsatz\/648\/revisions"}],"predecessor-version":[{"id":649,"href":"https:\/\/fw-buchholz.de\/index.php\/wp-json\/wp\/v2\/einsatz\/648\/revisions\/649"}],"wp:featuredmedia":[{"embeddable":true,"href":"https:\/\/fw-buchholz.de\/index.php\/wp-json\/wp\/v2\/media\/637"}],"wp:attachment":[{"href":"https:\/\/fw-buchholz.de\/index.php\/wp-json\/wp\/v2\/media?parent=648"}],"wp:term":[{"taxonomy":"category","embeddable":true,"href":"https:\/\/fw-buchholz.de\/index.php\/wp-json\/wp\/v2\/categories?post=648"},{"taxonomy":"post_tag","embeddable":true,"href":"https:\/\/fw-buchholz.de\/index.php\/wp-json\/wp\/v2\/tags?post=648"},{"taxonomy":"einsatzart","embeddable":true,"href":"https:\/\/fw-buchholz.de\/index.php\/wp-json\/wp\/v2\/einsatzart?post=648"},{"taxonomy":"fahrzeug","embeddable":true,"href":"https:\/\/fw-buchholz.de\/index.php\/wp-json\/wp\/v2\/fahrzeug?post=648"},{"taxonomy":"exteinsatzmittel","embeddable":true,"href":"https:\/\/fw-buchholz.de\/index.php\/wp-json\/wp\/v2\/exteinsatzmittel?post=648"},{"taxonomy":"alarmierungsart","embeddable":true,"href":"https:\/\/fw-buchholz.de\/index.php\/wp-json\/wp\/v2\/alarmierungsart?post=648"},{"taxonomy":"evw_unit","embeddable":true,"href":"https:\/\/fw-buchholz.de\/index.php\/wp-json\/wp\/v2\/evw_unit?post=648"}],"curies":[{"name":"wp","href":"https:\/\/api.w.org\/{rel}","templated":true}]}}

<div dir="auto">Gestern wurden wir zu einer unklaren Rauchentwicklung unterhalb der Talbrücke Arensburg alarmiert.</div>
<div dir="auto">Vor Ort angekommen konnten wir einen Kleinbrand feststellen.</div>
<div dir="auto">Sofort wurde mit den Löschmaßnahmen begonnen und zeitgleich die Einsatzstelle abgesichert.</div>
<div dir="auto">Anschließend haben wir Netzmittel eingesetzt, um die Kühlwirkung zu verstärken und mit der Wärmebildkamera die Temperaturen überwacht.</div>
<div dir="auto">Die Einsatzstelle wurde dann an die Polizei übergeben und wir konnten wieder einrücken.</div>
<div dir="auto"><img loading="lazy" decoding="async" class="alignnone  wp-image-638" src="https://fw-buchholz.de/wp-content/uploads/2022/07/18_02-07-22_2-225x300.jpg" alt="" width="576" height="768" srcset="https://fw-buchholz.de/wp-content/uploads/2022/07/18_02-07-22_2-225x300.jpg 225w, https://fw-buchholz.de/wp-content/uploads/2022/07/18_02-07-22_2-768x1024.jpg 768w, https://fw-buchholz.de/wp-content/uploads/2022/07/18_02-07-22_2-1152x1536.jpg 1152w, https://fw-buchholz.de/wp-content/uploads/2022/07/18_02-07-22_2.jpg 1512w" sizes="auto, (max-width: 576px) 100vw, 576px" /></div>
