{"id":315,"date":"2020-02-23T18:25:00","date_gmt":"2020-02-23T17:25:00","guid":{"rendered":"https:\/\/fw-buchholz.de\/?post_type=einsatz&#038;p=315"},"modified":"2020-02-25T15:11:52","modified_gmt":"2020-02-25T14:11:52","slug":"t1-baum-auf-strasse-2","status":"publish","type":"einsatz","link":"https:\/\/fw-buchholz.de\/index.php\/einsatz\/t1-baum-auf-strasse-2\/","title":{"rendered":"T1 Baum auf Stra\u00dfe"},"content":{"rendered":"<p>Wir wurden, wie schon vor zwei Wochen, auf die Zufahrt L443 Richtung B83 alarmiert. Hier sollte ein Baum auf der Fahrbahn liegen. Die Situation vor Ort stellte sich so dar, dass der Baum diagonal \u00fcber der Stra\u00dfe hing und sich in der Krone eines auf der anderen Stra\u00dfenseite stehenden Baumes eingehakt hatte und somit die Fahrbahn halb blockiert wurde. Unser Einsatzleiter und die Polizei entschieden sich die Stra\u00dfe zu sperren, so dass die Stra\u00dfenmeisterei bei Tageslicht den Baum beseitigen kann.<\/p>\n","protected":false},"author":2,"featured_media":0,"template":"","meta":{"einsatz_weight":1,"footnotes":""},"categories":[],"tags":[],"einsatzart":[7],"fahrzeug":[5,4],"exteinsatzmittel":[],"alarmierungsart":[12],"evw_unit":[],"class_list":["post-315","einsatz","type-einsatz","status-publish","hentry","einsatzart-technische-hilfe","fahrzeug-mtw-buchholz","fahrzeug-tsfw-buchholz","alarmierungsart-dme"],"_links":{"self":[{"href":"https:\/\/fw-buchholz.de\/index.php\/wp-json\/wp\/v2\/einsatz\/315","targetHints":{"allow":["GET"]}}],"collection":[{"href":"https:\/\/fw-buchholz.de\/index.php\/wp-json\/wp\/v2\/einsatz"}],"about":[{"href":"https:\/\/fw-buchholz.de\/index.php\/wp-json\/wp\/v2\/types\/einsatz"}],"author":[{"embeddable":true,"href":"https:\/\/fw-buchholz.de\/index.php\/wp-json\/wp\/v2\/users\/2"}],"version-history":[{"count":1,"href":"https:\/\/fw-buchholz.de\/index.php\/wp-json\/wp\/v2\/einsatz\/315\/revisions"}],"predecessor-version":[{"id":316,"href":"https:\/\/fw-buchholz.de\/index.php\/wp-json\/wp\/v2\/einsatz\/315\/revisions\/316"}],"wp:attachment":[{"href":"https:\/\/fw-buchholz.de\/index.php\/wp-json\/wp\/v2\/media?parent=315"}],"wp:term":[{"taxonomy":"category","embeddable":true,"href":"https:\/\/fw-buchholz.de\/index.php\/wp-json\/wp\/v2\/categories?post=315"},{"taxonomy":"post_tag","embeddable":true,"href":"https:\/\/fw-buchholz.de\/index.php\/wp-json\/wp\/v2\/tags?post=315"},{"taxonomy":"einsatzart","embeddable":true,"href":"https:\/\/fw-buchholz.de\/index.php\/wp-json\/wp\/v2\/einsatzart?post=315"},{"taxonomy":"fahrzeug","embeddable":true,"href":"https:\/\/fw-buchholz.de\/index.php\/wp-json\/wp\/v2\/fahrzeug?post=315"},{"taxonomy":"exteinsatzmittel","embeddable":true,"href":"https:\/\/fw-buchholz.de\/index.php\/wp-json\/wp\/v2\/exteinsatzmittel?post=315"},{"taxonomy":"alarmierungsart","embeddable":true,"href":"https:\/\/fw-buchholz.de\/index.php\/wp-json\/wp\/v2\/alarmierungsart?post=315"},{"taxonomy":"evw_unit","embeddable":true,"href":"https:\/\/fw-buchholz.de\/index.php\/wp-json\/wp\/v2\/evw_unit?post=315"}],"curies":[{"name":"wp","href":"https:\/\/api.w.org\/{rel}","templated":true}]}}

T1 Baum auf Straße

<p>Wir wurden, wie schon vor zwei Wochen, auf die Zufahrt L443 Richtung B83 alarmiert. Hier sollte ein Baum auf der Fahrbahn liegen. Die Situation vor Ort stellte sich so dar, dass der Baum diagonal über der Straße hing und sich in der Krone eines auf der anderen Straßenseite stehenden Baumes eingehakt hatte und somit die Fahrbahn halb blockiert wurde. Unser Einsatzleiter und die Polizei entschieden sich die Straße zu sperren, so dass die Straßenmeisterei bei Tageslicht den Baum beseitigen kann.</p>
