{"id":161,"date":"2019-04-19T01:14:00","date_gmt":"2019-04-19T00:14:00","guid":{"rendered":"https:\/\/fw-buchholz.de\/?post_type=einsatz&#038;p=161"},"modified":"2019-04-26T11:17:29","modified_gmt":"2019-04-26T10:17:29","slug":"9-2019","status":"publish","type":"einsatz","link":"https:\/\/fw-buchholz.de\/index.php\/einsatz\/9-2019\/","title":{"rendered":"BFzg-1 Feuer PKW"},"content":{"rendered":"<p>Einsatz-Stichwort: BFzg-1 Feuer PKW<br \/>\nAlarmiert: Feuerwehr Buchholz, Luhden, Bad Eilsen<\/p>\n<div class=\"text_exposed_show\">\n<p>Der Karfreitag begann f\u00fcr die Kameraden nachts um kurz nach 1 Uhr . Auf der Autobahn in Fahrtrichtung Dortmund, vor dem Parkplatz Wandersruh sollte ein PKW brennen. Vor Ort angekommen stand der PKW auf der Mittelspur in Brand. Wir bek\u00e4mpften das Feuer mit Wasser aus unserem Fahrzeug und wurden von einem Trupp aus Luhden mit der W\u00e4rmebildkamera unterst\u00fctzt.<\/p>\n<\/div>\n","protected":false},"author":2,"featured_media":162,"template":"","meta":{"einsatz_weight":1,"footnotes":""},"categories":[],"tags":[],"einsatzart":[10],"fahrzeug":[5,4],"exteinsatzmittel":[],"alarmierungsart":[12],"evw_unit":[],"class_list":["post-161","einsatz","type-einsatz","status-publish","has-post-thumbnail","hentry","einsatzart-brand","fahrzeug-mtw-buchholz","fahrzeug-tsfw-buchholz","alarmierungsart-dme"],"_links":{"self":[{"href":"https:\/\/fw-buchholz.de\/index.php\/wp-json\/wp\/v2\/einsatz\/161","targetHints":{"allow":["GET"]}}],"collection":[{"href":"https:\/\/fw-buchholz.de\/index.php\/wp-json\/wp\/v2\/einsatz"}],"about":[{"href":"https:\/\/fw-buchholz.de\/index.php\/wp-json\/wp\/v2\/types\/einsatz"}],"author":[{"embeddable":true,"href":"https:\/\/fw-buchholz.de\/index.php\/wp-json\/wp\/v2\/users\/2"}],"version-history":[{"count":3,"href":"https:\/\/fw-buchholz.de\/index.php\/wp-json\/wp\/v2\/einsatz\/161\/revisions"}],"predecessor-version":[{"id":180,"href":"https:\/\/fw-buchholz.de\/index.php\/wp-json\/wp\/v2\/einsatz\/161\/revisions\/180"}],"wp:featuredmedia":[{"embeddable":true,"href":"https:\/\/fw-buchholz.de\/index.php\/wp-json\/wp\/v2\/media\/162"}],"wp:attachment":[{"href":"https:\/\/fw-buchholz.de\/index.php\/wp-json\/wp\/v2\/media?parent=161"}],"wp:term":[{"taxonomy":"category","embeddable":true,"href":"https:\/\/fw-buchholz.de\/index.php\/wp-json\/wp\/v2\/categories?post=161"},{"taxonomy":"post_tag","embeddable":true,"href":"https:\/\/fw-buchholz.de\/index.php\/wp-json\/wp\/v2\/tags?post=161"},{"taxonomy":"einsatzart","embeddable":true,"href":"https:\/\/fw-buchholz.de\/index.php\/wp-json\/wp\/v2\/einsatzart?post=161"},{"taxonomy":"fahrzeug","embeddable":true,"href":"https:\/\/fw-buchholz.de\/index.php\/wp-json\/wp\/v2\/fahrzeug?post=161"},{"taxonomy":"exteinsatzmittel","embeddable":true,"href":"https:\/\/fw-buchholz.de\/index.php\/wp-json\/wp\/v2\/exteinsatzmittel?post=161"},{"taxonomy":"alarmierungsart","embeddable":true,"href":"https:\/\/fw-buchholz.de\/index.php\/wp-json\/wp\/v2\/alarmierungsart?post=161"},{"taxonomy":"evw_unit","embeddable":true,"href":"https:\/\/fw-buchholz.de\/index.php\/wp-json\/wp\/v2\/evw_unit?post=161"}],"curies":[{"name":"wp","href":"https:\/\/api.w.org\/{rel}","templated":true}]}}

<p>Einsatz-Stichwort: BFzg-1 Feuer PKW<br />
Alarmiert: Feuerwehr Buchholz, Luhden, Bad Eilsen</p>
<div class="text_exposed_show">
<p>Der Karfreitag begann für die Kameraden nachts um kurz nach 1 Uhr . Auf der Autobahn in Fahrtrichtung Dortmund, vor dem Parkplatz Wandersruh sollte ein PKW brennen. Vor Ort angekommen stand der PKW auf der Mittelspur in Brand. Wir bekämpften das Feuer mit Wasser aus unserem Fahrzeug und wurden von einem Trupp aus Luhden mit der Wärmebildkamera unterstützt.</p>
</div>
