{"id":149,"date":"2019-01-26T09:16:00","date_gmt":"2019-01-26T08:16:00","guid":{"rendered":"https:\/\/fw-buchholz.de\/?post_type=einsatz&#038;p=149"},"modified":"2019-04-26T11:16:11","modified_gmt":"2019-04-26T10:16:11","slug":"5-2019","status":"publish","type":"einsatz","link":"https:\/\/fw-buchholz.de\/index.php\/einsatz\/5-2019\/","title":{"rendered":"B2 Feuer Halle"},"content":{"rendered":"<p>Einsatz-Stichwort: B2 Feuer Halle<br \/>\nAlarmiert: Feuerwehr Buchholz, Luhden, Bad Eilsen, Ahnsen<\/p>\n<div class=\"text_exposed_show\">\n<p><strong>Bericht aus der SZ\/LZ vom 27.01.2019:<\/strong><\/p>\n<p>LUHDEN. Um 9.15 Uhr ist am Samstagmorgen bei der Freiwilligen Feuerwehr der Samtgemeinde Eilsen ein Alarm eingegangen. Gemeldet wurde ein Feuer in einer Halle des Luhdener Unternehmens Bahr Modultechnik (Nord-S\u00fcd-Stra\u00dfe). Nur sechs Minuten sp\u00e4ter waren bereits die ersten Brandsch\u00fctzer mit einem L\u00f6schfahrzeug vor Ort; kurz nach der Ortsfeuerwehr Luhden trafen dann auch Einsatztrupps der Ortsfeuerwehren Buchholz, Bad Eilsen und Ahnsen ein.<\/p>\n<p>Schnell erkannten die Feuerwehrleute allerdings, dass es sich bei dem von ihnen zun\u00e4chst angenommenen Ernstfall gl\u00fccklicherweise nur um eine Alarm\u00fcbung handelte. Gleichwohl nahmen die Aktiven das von den beiden \u00dcbungsleitern Andreas Mohr (Ortsbrandmeister Bad Eilsen) und Frank Wolf (Stellvertretender Ortsbrandmeister Luhden) ausgearbeitete \u00dcbungsszenario in Angriff.<\/p>\n<p>So musste eine L\u00f6schwasserversorgung zur Bek\u00e4mpfung des simulierten Geb\u00e4udebrandes aufgebaut werden. Au\u00dferdem galt es, drei vermisste Personen (dargestellt durch Dummys) in einer stark verqualmten Halle (Kunstnebel) ausfindig zu machen und zu retten. Hierzu wurden zwei zweik\u00f6pfige Atemschutzger\u00e4tetr\u00e4ger-Teams in das Geb\u00e4ude geschickt. Derweil brachten andere Feuerwehrleute ein mobiles Gebl\u00e4se nahe der offenen Eingangst\u00fcr in Position, um damit den \u201eQualm\u201c aus der Halle zu blasen. Wobei jedoch erst noch eine zus\u00e4tzliche Geb\u00e4ude\u00f6ffnung geschaffen werden musste, durch die der \u201eRauch\u201c quasi rausgedr\u00fcckt werden konnte (in diesem Fall wurde einfach eine T\u00fcr auf der r\u00fcckw\u00e4rtigen Geb\u00e4udeseite ge\u00f6ffnet).<\/p>\n<p>Mit dem Verlauf der circa einst\u00fcndigen \u00dcbung zeigte sich Mohr zufrieden, wenngleich er auch noch Verbesserungspotenzial ausgemacht hat. Als besonders positiv hob er im Gespr\u00e4ch mit dieser Zeitung hervor, dass die Ortsfeuerwehr Luhden und \u201eunmittelbar danach\u201c die Ortsfeuerwehr Buchholz so schnell am Einsatzort eingetroffen waren. Dies auch in Anbetracht dessen, dass zum Zeitpunkt der Alarmierung noch der eine oder andere Feuerwehrmann im Bett gelegen haben d\u00fcrfte.<\/p>\n<p>Gut sei auch, dass die \u201eLuhdener\u201c dank eines elektronischen (Zweit-)Schl\u00fcssels keine Schwierigkeiten hatten, das verschlossene Eingangstor zu dem Betriebsgel\u00e4nde zu \u00f6ffnen, res\u00fcmierte Mohr. Die Zeitspanne vom Eintreffen der Feuerwehren bis zum Betreten der Halle durch die Atemschutzger\u00e4tetr\u00e4ger sei indes zu lang gewesen. M\u00f6glicherweise habe dies aber daran gelegen, dass es sich eben nur um eine \u00dcbung gehandelt habe.<\/p>\n<p>F\u00fcr das Herausholen der drei vermissten \u201ePersonen\u201c durch die Atemschutzger\u00e4tetr\u00e4ger-Teams innerhalb von acht Minuten fand der \u00dcbungsleiter dagegen wieder lobende Worte. Ebenso waren das L\u00fcften der Halle und der Aufbau der L\u00f6schwasserversorgung in Ordnung, wenngleich es noch \u201eein bisschen schneller\u201c h\u00e4tte gehen k\u00f6nnen, bis das erste Wasser floss.<\/p>\n<p>Ebenso zeigte sich Mohr erfreut dar\u00fcber, dass von den insgesamt rund 80 Aktiven der vier Ortsfeuerwehren nach der Alarmierung 45 Einsatzkr\u00e4fte ausger\u00fcckt waren: \u201eDas ist gut\u201c betonte er. Zumal da es sich ja um eine zuvor nicht angek\u00fcndigte \u00dcbung gehandelt habe.<\/p>\n<\/div>\n","protected":false},"author":2,"featured_media":152,"template":"","meta":{"einsatz_weight":1,"footnotes":""},"categories":[],"tags":[],"einsatzart":[15],"fahrzeug":[5,4],"exteinsatzmittel":[],"alarmierungsart":[12],"evw_unit":[],"class_list":["post-149","einsatz","type-einsatz","status-publish","has-post-thumbnail","hentry","einsatzart-alarmuebung","fahrzeug-mtw-buchholz","fahrzeug-tsfw-buchholz","alarmierungsart-dme"],"_links":{"self":[{"href":"https:\/\/fw-buchholz.de\/index.php\/wp-json\/wp\/v2\/einsatz\/149","targetHints":{"allow":["GET"]}}],"collection":[{"href":"https:\/\/fw-buchholz.de\/index.php\/wp-json\/wp\/v2\/einsatz"}],"about":[{"href":"https:\/\/fw-buchholz.de\/index.php\/wp-json\/wp\/v2\/types\/einsatz"}],"author":[{"embeddable":true,"href":"https:\/\/fw-buchholz.de\/index.php\/wp-json\/wp\/v2\/users\/2"}],"version-history":[{"count":2,"href":"https:\/\/fw-buchholz.de\/index.php\/wp-json\/wp\/v2\/einsatz\/149\/revisions"}],"predecessor-version":[{"id":176,"href":"https:\/\/fw-buchholz.de\/index.php\/wp-json\/wp\/v2\/einsatz\/149\/revisions\/176"}],"wp:featuredmedia":[{"embeddable":true,"href":"https:\/\/fw-buchholz.de\/index.php\/wp-json\/wp\/v2\/media\/152"}],"wp:attachment":[{"href":"https:\/\/fw-buchholz.de\/index.php\/wp-json\/wp\/v2\/media?parent=149"}],"wp:term":[{"taxonomy":"category","embeddable":true,"href":"https:\/\/fw-buchholz.de\/index.php\/wp-json\/wp\/v2\/categories?post=149"},{"taxonomy":"post_tag","embeddable":true,"href":"https:\/\/fw-buchholz.de\/index.php\/wp-json\/wp\/v2\/tags?post=149"},{"taxonomy":"einsatzart","embeddable":true,"href":"https:\/\/fw-buchholz.de\/index.php\/wp-json\/wp\/v2\/einsatzart?post=149"},{"taxonomy":"fahrzeug","embeddable":true,"href":"https:\/\/fw-buchholz.de\/index.php\/wp-json\/wp\/v2\/fahrzeug?post=149"},{"taxonomy":"exteinsatzmittel","embeddable":true,"href":"https:\/\/fw-buchholz.de\/index.php\/wp-json\/wp\/v2\/exteinsatzmittel?post=149"},{"taxonomy":"alarmierungsart","embeddable":true,"href":"https:\/\/fw-buchholz.de\/index.php\/wp-json\/wp\/v2\/alarmierungsart?post=149"},{"taxonomy":"evw_unit","embeddable":true,"href":"https:\/\/fw-buchholz.de\/index.php\/wp-json\/wp\/v2\/evw_unit?post=149"}],"curies":[{"name":"wp","href":"https:\/\/api.w.org\/{rel}","templated":true}]}}

<p>Einsatz-Stichwort: B2 Feuer Halle<br />
Alarmiert: Feuerwehr Buchholz, Luhden, Bad Eilsen, Ahnsen</p>
<div class="text_exposed_show">
<p><strong>Bericht aus der SZ/LZ vom 27.01.2019:</strong></p>
<p>LUHDEN. Um 9.15 Uhr ist am Samstagmorgen bei der Freiwilligen Feuerwehr der Samtgemeinde Eilsen ein Alarm eingegangen. Gemeldet wurde ein Feuer in einer Halle des Luhdener Unternehmens Bahr Modultechnik (Nord-Süd-Straße). Nur sechs Minuten später waren bereits die ersten Brandschützer mit einem Löschfahrzeug vor Ort; kurz nach der Ortsfeuerwehr Luhden trafen dann auch Einsatztrupps der Ortsfeuerwehren Buchholz, Bad Eilsen und Ahnsen ein.</p>
<p>Schnell erkannten die Feuerwehrleute allerdings, dass es sich bei dem von ihnen zunächst angenommenen Ernstfall glücklicherweise nur um eine Alarmübung handelte. Gleichwohl nahmen die Aktiven das von den beiden Übungsleitern Andreas Mohr (Ortsbrandmeister Bad Eilsen) und Frank Wolf (Stellvertretender Ortsbrandmeister Luhden) ausgearbeitete Übungsszenario in Angriff.</p>
<p>So musste eine Löschwasserversorgung zur Bekämpfung des simulierten Gebäudebrandes aufgebaut werden. Außerdem galt es, drei vermisste Personen (dargestellt durch Dummys) in einer stark verqualmten Halle (Kunstnebel) ausfindig zu machen und zu retten. Hierzu wurden zwei zweiköpfige Atemschutzgeräteträger-Teams in das Gebäude geschickt. Derweil brachten andere Feuerwehrleute ein mobiles Gebläse nahe der offenen Eingangstür in Position, um damit den „Qualm“ aus der Halle zu blasen. Wobei jedoch erst noch eine zusätzliche Gebäudeöffnung geschaffen werden musste, durch die der „Rauch“ quasi rausgedrückt werden konnte (in diesem Fall wurde einfach eine Tür auf der rückwärtigen Gebäudeseite geöffnet).</p>
<p>Mit dem Verlauf der circa einstündigen Übung zeigte sich Mohr zufrieden, wenngleich er auch noch Verbesserungspotenzial ausgemacht hat. Als besonders positiv hob er im Gespräch mit dieser Zeitung hervor, dass die Ortsfeuerwehr Luhden und „unmittelbar danach“ die Ortsfeuerwehr Buchholz so schnell am Einsatzort eingetroffen waren. Dies auch in Anbetracht dessen, dass zum Zeitpunkt der Alarmierung noch der eine oder andere Feuerwehrmann im Bett gelegen haben dürfte.</p>
<p>Gut sei auch, dass die „Luhdener“ dank eines elektronischen (Zweit-)Schlüssels keine Schwierigkeiten hatten, das verschlossene Eingangstor zu dem Betriebsgelände zu öffnen, resümierte Mohr. Die Zeitspanne vom Eintreffen der Feuerwehren bis zum Betreten der Halle durch die Atemschutzgeräteträger sei indes zu lang gewesen. Möglicherweise habe dies aber daran gelegen, dass es sich eben nur um eine Übung gehandelt habe.</p>
<p>Für das Herausholen der drei vermissten „Personen“ durch die Atemschutzgeräteträger-Teams innerhalb von acht Minuten fand der Übungsleiter dagegen wieder lobende Worte. Ebenso waren das Lüften der Halle und der Aufbau der Löschwasserversorgung in Ordnung, wenngleich es noch „ein bisschen schneller“ hätte gehen können, bis das erste Wasser floss.</p>
<p>Ebenso zeigte sich Mohr erfreut darüber, dass von den insgesamt rund 80 Aktiven der vier Ortsfeuerwehren nach der Alarmierung 45 Einsatzkräfte ausgerückt waren: „Das ist gut“ betonte er. Zumal da es sich ja um eine zuvor nicht angekündigte Übung gehandelt habe.</p>
</div>
